ist the prime factors of 255.
3, 5, 17
What are the prime factors of 1945?
5, 389
What are the prime factors of 4849?
13, 373
List the prime factors of 17381.
7, 13, 191
List the prime factors of 4323.
3, 11, 131
List the prime factors of 1337.
7, 191
What are the prime factors of 25047?
3, 11, 23
What are the prime factors of 14080?
2, 5, 11
What are the prime factors of 1094?
2, 547
List the prime factors of 29788.
2, 11, 677
List the prime factors of 13830.
2, 3, 5, 461
List the prime factors of 3611.
23, 157
What are the prime factors of 424?
2, 53
What are the prime factors of 102061?
102061
What are the prime factors of 4057?
4057
List the prime factors of 10601.
10601
List the prime factors of 46854.
2, 3, 19, 137
List the prime factors of 287.
7, 41
What are the prime factors of 23624?
2, 2953
What are the prime factors of 154076?
2, 13, 2963
List the prime factors of 4783.
4783
List the prime factors of 1818.
2, 3, 101
What are the prime factors of 1761?
3, 587
What are the prime factors of 74784?
2, 3, 19, 41
What are the prime factors of 14244?
2, 3, 1187
List the prime factors of 14151.
3, 53, 89
What are the prime factors of 9070?
2, 5, 907
List the prime factors of 2916.
2, 3
What are the prime factors of 44244?
2, 3, 1229
List the prime factors of 47630.
2, 5, 11, 433
What are the prime factors of 14297?
17, 29
List the prime factors of 730.
2, 5, 73
What are the prime factors of 3893?
17, 229
List the prime factors of 2388.
2, 3, 199
What are the prime factors of 146?
2, 73
List the prime factors of 6596.
2, 17, 97
List the prime factors of 10.
2, 5
What are the prime factors of 1013?
1013
What are the prime factors of 77893?
77893
What are the prime factors of 117898?
2, 11, 23, 233
What are the prime factors of 6840?
2, 3, 5, 19
List the prime factors of 8114.
2, 4057
List the prime factors of 204739.
53, 3863
What are the prime factors of 60?
2, 3, 5
List the prime factors of 29717.
29717
List the prime factors of 5739.
3, 1913
List the prime factors of 1656.
2, 3, 23
What are the prime factors of 39683?
7, 5669
List the prime factors of 77736.
2, 3, 41, 79
What are the prime factors of 25380?
2, 3, 5, 47
List the prime factors of 173793.
3, 19, 3049
List the prime factors of 10539.
3, 1171
What are the prime factors of 36702?
2, 3, 2039
What are the prime factors of 2116?
2, 23
List the prime factors of 850.
2, 5, 17
List the prime factors of 8351.
7, 1193
List the prime factors of 1336.
2, 167
What are the prime factors of 711?
3, 79
What are the prime factors of 21875?
5, 7
What are the prime factors of 145503?
3, 17, 317
List the prime factors of 7276.
2, 17, 107
List the prime factors of 10452.
2, 3, 13, 67
List the prime factors of 3699.
3, 137
What are the prime factors of 3413?
3413
What are the prime factors of 21484?
2, 41, 131
List the prime factors of 14486.
2, 7243
What are the prime factors of 1453?
1453
What are the prime factors of 13492?
2, 3373
List the prime factors of 4423.
4423
List the prime factors of 26370.
2, 3, 5, 293
List the prime factors of 1471.
1471
What are the prime factors of 83445?
3, 5, 5563
What are the prime factors of 1366?
2, 683
What are the prime factors of 1506?
2, 3, 251
List the prime factors of 39861.
3, 43, 103
List the prime factors of 19522.
2, 43, 227
What are the prime factors of 153503?
7, 21929
List the prime factors of 1956.
2, 3, 163
What are the prime factors of 18352?
2, 31, 37
What are the prime factors of 84836?
2, 127, 167
List the prime factors of 334.
2, 167
List the prime factors of 7762.
2, 3881
What are the prime factors of 499?
499
What are the prime factors of 103050?
2, 3, 5, 229
List the prime factors of 76118.
2, 7, 5437
What are the prime factors of 1768?
2, 13, 17
What are the prime factors of 2580?
2, 3, 5, 43
What are the prime factors of 482?
2, 241
List the prime factors of 21495.
3, 5, 1433
List the prime factors of 27512.
2, 19, 181
What are the prime factors of 17083?
11, 1553
List the prime factors of 145508.
2, 11, 3307
What are the prime factors of 67635?
3, 5, 167
List the prime factors of 7315.
5, 7, 11, 19
List the prime factors of 308.
2, 7, 11
List the prime factors of 6190.
2, 5, 619
List the prime factors of 14557.
14557
What are the prime factors of 29015?
5, 7, 829
What are the prime factors of 1455?
3, 5, 97
List the prime factors of 11003.
11003
List the prime factors of 4307.
59, 73
List the prime factors of 19656.
2, 3, 7, 13
What are the prime factors of 14407?
14407
What are the prime factors of 1561?
7, 223
What are the prime factors of 6844?
2, 29, 59
What are the prime factors of 1485?
3, 5, 11
What are the prime factors of 15514?
2, 7757
What are the prime factors of 113?
113
List the prime factors of 717.
3, 239
List the prime factors of 29655.
3, 5, 659
What are the prime factors of 3259?
3259
What are the prime factors of 2986?
2, 1493
List the prime factors of 729.
3
List the prime factors of 15448.
2, 1931
List the prime factors of 40485.
3, 5, 2699
List the prime factors of 37025.
5, 1481
What are the prime factors of 9628?
2, 29, 83
What are the prime factors of 19659?
3, 6553
What are the prime factors of 10066?
2, 7, 719
What are the prime factors of 8334?
2, 3, 463
What are the prime factors of 2511?
3, 31
List the prime factors of 437.
19, 23
What are the prime factors of 1596?
2, 3, 7, 19
List the prime factors of 177319.
177319
What are the prime factors of 5547?
3, 43
List the prime factors of 4793.
4793
What are the prime factors of 33?
3, 11
What are the prime factors of 3946?
2, 1973
List the prime factors of 5919.
3, 1973
What are the prime factors of 20952?
2, 3, 97
List the prime factors of 1331.
11
What are the prime factors of 3305?
5, 661
What are the prime factors of 9564?
2, 3, 797
What are the prime factors of 19577?
19577
List the prime factors of 36909.
3, 1367
List the prime factors of 482.
2, 241
What are the prime factors of 7?
7
What are the prime factors of 297?
3, 11
What are the prime factors of 3217?
3217
List the prime factors of 8645.
5, 7, 13, 19
What are the prime factors of 175?
5, 7
List the prime factors of 1197.
3, 7, 19
What are the prime factors of 46662?
2, 3, 7, 11, 101
List the prime factors of 18920.
2, 5, 11, 43
List the prime factors of 9160.
2, 5, 229
What are the prime factors of 15968?
2, 499
What are the prime factors of 531?
3, 59
List the prime factors of 399.
3, 7, 19
List the prime factors of 3197.
23, 139
List the prime factors of 36854.
2, 18427
What are the prime factors of 565?
5, 113
List the prime factors of 9449.
11, 859
What are the prime factors of 296?
2, 37
List the prime factors of 1034.
2, 11, 47
List the prime factors of 29164.
2, 23, 317
List the prime factors of 14546.
2, 7, 1039
What are the prime factors of 4519?
4519
List the prime factors of 985.
5, 197
What are the prime factors of 169052?
2, 13, 3251
List the prime factors of 1558.
2, 19, 41
What are the prime factors of 7769?
17, 457
What are the prime factors of 1682?
2, 29
List the prime factors of 72715.
5, 14543
What are the prime factors of 14?
2, 7
What are the prime factors of 2095?
5, 419
What are the prime factors of 13824?
2, 3
What are the prime factors of 832?
2, 13
What are the prime factors of 14113?
11, 1283
List the prime factors of 46249.
7, 6607
List the prime factors of 92466.
2, 3, 11, 467
What are the prime factors of 3?
3
List the prime factors of 1713.
3, 571
What are the prime factors of 980?
2, 5, 7
What are the prime factors of 2483?
13, 191
List the prime factors of 33152.
2, 7, 37
What are the prime factors of 7726?
2, 3863
What are the prime factors of 1032?
2, 3, 43
What are the prime factors of 283?
283
List the prime factors of 44676.
2, 3, 17, 73
What are the prime factors of 454?
2, 227
List the prime factors of 47.
47
What are the prime factors of 6962?
2, 59
List the prime factors of 621.
3, 23
What are the prime factors of 74697?
3, 7, 3557
What are the prime factors of 239?
239
What are the prime factors of 1833?
3, 13, 47
What are the prime factors of 868?
2, 7, 31
List the prime factors of 274.
2, 137
What are the prime factors of 3337?
47, 71
List the prime factors of 20996.
2, 29, 181
List the prime factors of 3984.
2, 3, 83
What are the prime fact